{"id":1765,"date":"2019-08-29T12:43:25","date_gmt":"2019-08-29T11:43:25","guid":{"rendered":"http:\/\/bcgbdc35.fr\/?page_id=1765"},"modified":"2025-11-18T15:41:04","modified_gmt":"2025-11-18T14:41:04","slug":"dossier-re-inscription-saison-2022-2023","status":"publish","type":"page","link":"http:\/\/bcgbdc35.fr\/index.php\/dossier-re-inscription-saison-2022-2023\/","title":{"rendered":"Inscriptions"},"content":{"rendered":"\t\t<div data-elementor-type=\"wp-page\" data-elementor-id=\"1765\" class=\"elementor elementor-1765\" data-elementor-settings=\"[]\">\n\t\t\t\t\t\t<div class=\"elementor-inner\">\n\t\t\t\t\t\t\t<div class=\"elementor-section-wrap\">\n\t\t\t\t\t\t\t<section class=\"elementor-section elementor-top-section elementor-element elementor-element-602995e0 elementor-section-boxed elementor-section-height-default elementor-section-height-default\" data-id=\"602995e0\" data-element_type=\"section\">\n\t\t\t\t\t\t<div class=\"elementor-container elementor-column-gap-default\">\n\t\t\t\t\t\t\t<div class=\"elementor-row\">\n\t\t\t\t\t<div class=\"elementor-column elementor-col-100 elementor-top-column elementor-element elementor-element-7697c92a\" data-id=\"7697c92a\" data-element_type=\"column\">\n\t\t\t<div class=\"elementor-column-wrap elementor-element-populated\">\n\t\t\t\t\t\t\t<div class=\"elementor-widget-wrap\">\n\t\t\t\t\t\t<div class=\"elementor-element elementor-element-22c9d8b7 elementor-widget elementor-widget-text-editor\" data-id=\"22c9d8b7\" data-element_type=\"widget\" data-widget_type=\"text-editor.default\">\n\t\t\t\t<div class=\"elementor-widget-container\">\n\t\t\t\t\t\t\t\t<div class=\"elementor-text-editor elementor-clearfix\">\n\t\t\t\t<p><!-- wp:paragraph {\"align\":\"center\"} --><\/p>\n<p><strong>Les r\u00e9-inscriptions pour la saison 2025\/2026 sont ouvertes !<\/strong><\/p>\n<p><!-- \/wp:paragraph --><\/p>\n<p><!-- wp:paragraph {\"align\":\"center\"} --><\/p>\n<p><strong style=\"color: var( --e-global-color-text ); font-family: var( --e-global-typography-text-font-family ), Sans-serif;\">Pour toutes questions n&rsquo;h\u00e9siter pas \u00e0 appeler Cyril ou \u00e0 envoyer un mail.<\/strong><br><\/p>\n<p><!-- \/wp:paragraph --><\/p>\n<p><!-- wp:paragraph {\"align\":\"center\"} --><\/p>\n<p><\/p>\n<p><!-- \/wp:separator --><\/p>\n<p><!-- wp:paragraph {\"align\":\"center\"} --><\/p>\n<p>BADMINTON CLUB GUICHEN-BOURG DES COMPTES<\/p>\n<p><!-- \/wp:paragraph --><\/p>\n<p><!-- wp:paragraph {\"align\":\"center\"} --><\/p>\n<p>PROCEDURE D\u2019INSCRIPTION SAISON 2025 \/ 2026<\/p>\n<p><!-- \/wp:paragraph --><\/p>\n<p><!-- wp:paragraph {\"align\":\"center\"} --><\/p>\n<div lang=\"x-unicode\" style=\"color: rgb(38, 40, 42); font-family: &quot;Helvetica Neue&quot;, Helvetica, Arial, sans-serif; font-size: 16px;\">\n<p><b><font color=\"#0080ff\">INSCRIPTIONS SAISON 2025 &#8211; 2026<\/font><\/b><\/p>\n<p>Les r\u00e9inscriptions sont d\u00e8s \u00e0 pr\u00e9sent possibles pour la saison prochaine, cette ann\u00e9e deux m\u00e9thodes possibles :<\/p>\n<div dir=\"ltr\">\n<p>-&gt;&nbsp;<u>en ligne<\/u>&nbsp;<img data-emoji=\"\ud83d\ude0e\" alt=\"\ud83d\ude0e\" aria-label=\"\ud83d\ude0e\" draggable=\"false\" src=\"https:\/\/fonts.gstatic.com\/s\/e\/notoemoji\/15.1\/1f60e\/32.png\" loading=\"lazy\" style=\"height: 1.2em; width: 1.2em;\">: les inscriptions par internet sont possibles ! C&rsquo;est rapide et pr\u00e9rempli (dans le cadre d&rsquo;un renouvellement), le r\u00e8glement ce fait \u00e9galement en ligne, la validation de tarifications sp\u00e9cifiques (coupons sports &#8211; joueurs ext\u00e9rieurs &#8211; &#8230; ) est g\u00e9r\u00e9e avec les membres du bureau ou Cyril directement. Notez qu&rsquo;il faut effectuer le r\u00e9glement complet en ligne et les modes sp\u00e9cifiques sont pris en comptes apr\u00e8s coup avec un remboursement.<\/p>\n<div><br clear=\"none\"><\/div>\n<\/div>\n<div>\n<p>-&gt;&nbsp;<u>forums des associations&nbsp;<\/u>: \u00e0 Guichen ou Bourg des Comptes le 6 Septembre, o\u00f9 vous pourrez r\u00e9cup\u00e9rer le lien d&rsquo;inscription et o\u00f9 nous pourrons r\u00e9pondre \u00e0 vos questions.<br clear=\"none\"><\/p>\n<p><br clear=\"none\"><\/p>\n<div>Pour information, en ce d\u00e9but de saison les multi-cr\u00e9neaux adultes \u00ab\u00a0loisirs\u00a0\u00bb encadr\u00e9s (lundi ET jeudi) ne sont pas autoris\u00e9s, la question sera \u00e9tudi\u00e9e en fonction des effectifs.<br clear=\"none\"><\/div>\n<p>3 \u00e9tapes \u00e0 retenir :<\/p>\n<p>&#8211; inscription en ligne (ou r\u00e9inscription)<br clear=\"none\">&#8211; validation du dossier par le club<br clear=\"none\">&#8211; vous recevez ensuite une notification par mail pour effectuer le r\u00e8glement<br clear=\"none\"><\/p>\n<p><br clear=\"none\"><\/p>\n<p>L&rsquo;inscription est effective une fois le r\u00e8glement confirm\u00e9.<\/p>\n<p><br clear=\"none\"><\/p>\n<div dir=\"ltr\">Pour les nouveaux adh\u00e9rents c&rsquo;est par ici que \u00e7a se passe (depuis le 15 ao\u00fbt):<br clear=\"none\"><\/div>\n<div dir=\"ltr\"><a shape=\"rect\" href=\"https:\/\/adherer.ffbad.club\/bcgbdc35\" rel=\"nofollow\" target=\"_blank\" data-saferedirecturl=\"https:\/\/www.google.com\/url?q=https:\/\/adherer.ffbad.club\/bcgbdc35&amp;source=gmail&amp;ust=1724413322318000&amp;usg=AOvVaw3jnWsaXHQ-hCyc745WqQ_c\" style=\"color: rgb(17, 85, 204);\">Adh\u00e9sions<\/a><\/div>\n<p><br clear=\"none\"><\/p>\n<div dir=\"ltr\">Pour les renouvellements, c&rsquo;est via les profils myffbad, mais le lien de nouvelle adh\u00e9sion devrait aussi fonctionner :<br clear=\"none\"><\/div>\n<div dir=\"ltr\"><a shape=\"rect\" href=\"https:\/\/myffbad.fr\/connexion\" rel=\"nofollow\" target=\"_blank\" data-saferedirecturl=\"https:\/\/www.google.com\/url?q=https:\/\/myffbad.fr\/connexion&amp;source=gmail&amp;ust=1724413322318000&amp;usg=AOvVaw0NT3yFrATwUAuRJs9pjqbI\" style=\"color: rgb(17, 85, 204);\">MYFFBaD<\/a><\/div>\n<p><br clear=\"none\"><\/p>\n<\/div>\n<\/div>\n<div style=\"color: rgb(38, 40, 42); font-family: &quot;Helvetica Neue&quot;, Helvetica, Arial, sans-serif; font-size: 16px;\">\n<div lang=\"x-unicode\">Pour les renouvellements (connexion \u00e0 myffbad) le num\u00e9ro de licence est demand\u00e9.<\/div>\n<div lang=\"x-unicode\">\n<p>Vous pouvez le retrouver en pj<\/p>\n<div><br clear=\"none\"><\/div>\n<\/div>\n<div>\n<p><br clear=\"none\"><\/p>\n<div lang=\"x-unicode\"><br clear=\"none\"><\/div>\n<div dir=\"ltr\" lang=\"x-unicode\">Le certificat m\u00e9dical n&rsquo;est plus obligatoire !<\/div>\n<\/div>\n<\/div>\n<div style=\"color: rgb(38, 40, 42); font-family: &quot;Helvetica Neue&quot;, Helvetica, Arial, sans-serif; font-size: 16px;\">\n<div dir=\"ltr\" lang=\"x-unicode\">\n<p><a shape=\"rect\" href=\"https:\/\/badminton35.fr\/prise-de-licence-suppression-de-la-fourniture-obligatoire-du-certificat-medical\/\" rel=\"nofollow\" target=\"_blank\" data-saferedirecturl=\"https:\/\/www.google.com\/url?q=https:\/\/badminton35.fr\/prise-de-licence-suppression-de-la-fourniture-obligatoire-du-certificat-medical\/&amp;source=gmail&amp;ust=1724413322318000&amp;usg=AOvVaw3jXIqmY7wcxHxexCIoPv_z\" style=\"color: rgb(17, 85, 204);\">https:\/\/badminton35.fr\/prise-<wbr>de-licence-suppression-de-la-<wbr>fourniture-obligatoire-du-<wbr>certificat-medical\/<\/a><\/p>\n<p><br clear=\"none\"><\/p>\n<p><strong style=\"color: var( --e-global-color-text ); font-family: var( --e-global-typography-text-font-family ), Sans-serif; font-size: 14px;\">TARIFS 2025-2026<\/strong><\/p>\n<\/div>\n<\/div>\n<p><!-- \/wp:paragraph --><\/p>\n<p><!-- wp:paragraph --><\/p>\n<p><strong>Attention&nbsp;: changement des cat\u00e9gories d\u2019\u00e2ge au 1<\/strong><strong>er<\/strong><strong> septembre<\/strong><\/p>\n<p><!-- \/wp:paragraph --><\/p>\n<p><!-- wp:paragraph --><\/p>\n<p><!-- \/wp:paragraph --><\/p>\n<p><!-- wp:list --><\/p>\n<ul>\n<li>S\u00e9nior&nbsp;: \u00e0 partir de 2007<\/li>\n<li>Junior&nbsp;: 2008\/2009<\/li>\n<li>Cadet&nbsp;: 2010\/2011<\/li>\n<li>Minime&nbsp;: 2012\/2013<\/li>\n<li>Benjamin&nbsp;: 2014\/2015<\/li>\n<li>Poussin&nbsp;: 2016\/2017<\/li>\n<li>Mini-poussin&nbsp;: \u00e0 partir de 2018<\/li>\n<\/ul>\n<p><!-- \/wp:list --><\/p>\n<p><!-- wp:table --><\/p>\n<figure>\n<table>\n<tbody>\n<tr>\n<td>&nbsp;<\/td>\n<td>&nbsp;<\/td>\n<td>&nbsp;<\/td>\n<td>1 entrainement <\/td>\n<td>&gt; ou \u00e9gal \u00e0 2 entrainements(1)<\/td>\n<td>2 \u00e8me enfant <\/td>\n<\/tr>\n<tr>\n<td><strong>Adultes <\/strong>&nbsp;n\u00e9(s) \u00e0 partir de 2007<\/td>\n<td><\/td>\n<td>&nbsp;<\/td>\n<td> 140 \u20ac<\/td>\n<td>&nbsp;&nbsp;<\/td>\n<\/tr>\n<tr>\n<td><strong>Jeunes <\/strong><\/td>\n<td>&nbsp;<\/td>\n<td>&nbsp;<\/td>\n<td>&nbsp;<\/td>\n<td>&nbsp;<\/td>\n<td> -10 \u20ac <\/td>\n<td><\/td>\n<\/tr>\n<tr>\n<td> &gt; N\u00e9 entre 2007 et 2016<\/td>\n<td>&nbsp;<\/td>\n<td><\/td>\n<td>&nbsp; 115 \u20ac<\/td>\n<td>155 \u20ac<\/td>\n<td>-10 \u20ac<\/td>\n<\/tr>\n<tr>\n<td>&gt; N\u00e9 \u00e0 partir de &nbsp;2017<\/td>\n<td>&nbsp;<\/td>\n<td><\/td>\n<td>&nbsp; 78 \u20ac<\/td>\n<td>&nbsp;<\/td>\n<td>-10 \u20ac<\/td>\n<\/tr>\n<tr>\n<td><strong>Loisirs <\/strong><\/td>\n<td>&nbsp;<\/td>\n<td>&nbsp;<\/td>\n<td>140 \u20ac<\/td>\n<td>&nbsp;<\/td>\n<td>&nbsp;<\/td>\n<td><\/td>\n<\/tr>\n<tr>\n<td>&nbsp;<span style=\"font-weight: 700;\">Comp\u00e9titeurs (niveau R et plus)<\/span><\/td>\n<td>&nbsp;<\/td>\n<td>&nbsp;<\/td>\n<td>140 \u20ac&nbsp;<\/td>\n<td>&nbsp;180 \u20ac<\/td>\n<td>&nbsp;<\/td>\n<td><\/td>\n<\/tr>\n<tr>\n<td>(1) sur proposition de l&rsquo;entraineur <\/td>\n<td>&nbsp;<\/td>\n<td>&nbsp;<\/td>\n<td>&nbsp;<\/td>\n<\/tr>\n<\/tbody>\n<\/table>\n<\/figure>\n<p><!-- \/wp:table --><\/p>\n<p><!-- wp:list --><\/p>\n<ul>\n<li><em>Inscription de 2, 3 (ou plus) jeunes de la m\u00eame famille&nbsp;: remise de 10\u20ac pour chaque enfant \u00e0 partir de la 2<\/em><em>\u00e8me<\/em><em> inscription<\/em><\/li>\n<li><strong><em>Joueur ext\u00e9rieur s\u2019entrainant \u00e0 Guichen&nbsp;: 140 \u20ac<\/em><\/strong><\/li>\n<\/ul>\n<p><!-- \/wp:list --><\/p>\n<p><!-- wp:paragraph --><\/p>\n<p>Pour votre information, ci-dessous, les montants de la part f\u00e9d\u00e9rale (f\u00e9d\u00e9ration, comit\u00e9 d\u00e9partemental et ligue compris) que le <strong>club reverse \u00e0 la f\u00e9d\u00e9ration Fran\u00e7aise de badminton<\/strong> :<\/p>\n<p><!-- \/wp:paragraph --><\/p>\n<p><!-- wp:list --><\/p>\n<ul>\n<li>adulte&nbsp;: 57\u20ac<\/li>\n<li>jeunes&nbsp;: 50 \u20ac<\/li>\n<li>moins de 9 ans&nbsp;: 25,90 \u20ac<\/li>\n<\/ul>\n<p><!-- \/wp:list --><\/p>\n<p><!-- wp:paragraph --><\/p>\n<p><em>Tarifs particuliers<\/em><em>&nbsp;:<\/em><\/p>\n<p><!-- \/wp:paragraph --><\/p>\n<p><!-- wp:list --><\/p>\n<ul>\n<li>joueurs au p\u00f4le espoir, p\u00f4le France ou Insep&nbsp;: <strong><em>Part F\u00e9d\u00e9rale<\/em><\/strong><\/li>\n<li>membre du bureau&nbsp;: <strong><em>Gratuit\u00e9<\/em><\/strong><\/li>\n<li>membre du conseil d\u2019administration et joueur&nbsp;: <strong><em>Part F\u00e9d\u00e9rale<\/em><\/strong><\/li>\n<li>membre du conseil d\u2019administration et non joueur&nbsp;: <strong><em>Gratuit\u00e9<\/em><\/strong><\/li>\n<li>joueurs ne s\u2019entrainant pas au club mais qui jouent pour le compte d\u2019une \u00e9quipe inscrite en nationale ou r\u00e9gionale&nbsp;: <strong><em>Part F\u00e9d\u00e9rale<\/em><\/strong><\/li>\n<li>arbitre et juge-arbitre qui officient pour le compte des \u00e9quipes nationale et r\u00e9gionale&nbsp;: gratuit\u00e9<\/li>\n<li>Joueur licenci\u00e9 ext\u00e9rieur : 140 \u20ac<\/li>\n<\/ul>\n<p><!-- \/wp:list --><\/p>\n<p><!-- wp:paragraph --><\/p>\n<p><strong>REPRISE DES COURS LE LUNDI 8 SEPTEMBRE 2025<\/strong><\/p>\n<ul>\n<\/ul>\n<p><!-- \/wp:list --><\/p>\t\t\t\t\t<\/div>\n\t\t\t\t\t\t<\/div>\n\t\t\t\t<\/div>\n\t\t\t\t\t\t<\/div>\n\t\t\t\t\t<\/div>\n\t\t<\/div>\n\t\t\t\t\t\t\t\t<\/div>\n\t\t\t\t\t<\/div>\n\t\t<\/section>\n\t\t\t\t\t\t<\/div>\n\t\t\t\t\t\t<\/div>\n\t\t\t\t\t<\/div>\n\t\t","protected":false},"excerpt":{"rendered":"<p>Les r\u00e9-inscriptions pour la saison 2024\/2025 sont ouvertes ! Pour toutes questions n&rsquo;h\u00e9siter pas \u00e0 appeler Cyril ou \u00e0 envoyer un mail. BADMINTON CLUB GUICHEN-BOURG DES COMPTES PROCEDURE D\u2019INSCRIPTION SAISON 2024 \/ 2025 INSCRIPTIONS SAISON 2024 &#8211; 2025 Les r\u00e9inscriptions sont d\u00e8s \u00e0 pr\u00e9sent possibles pour la saison prochaine, cette ann\u00e9e deux m\u00e9thodes possibles : [&hellip;]<\/p>\n","protected":false},"author":6,"featured_media":0,"parent":0,"menu_order":0,"comment_status":"closed","ping_status":"closed","template":"","meta":{"_monsterinsights_skip_tracking":false,"_monsterinsights_sitenote_active":false,"_monsterinsights_sitenote_note":"","_monsterinsights_sitenote_category":0},"_links":{"self":[{"href":"http:\/\/bcgbdc35.fr\/index.php\/wp-json\/wp\/v2\/pages\/1765"}],"collection":[{"href":"http:\/\/bcgbdc35.fr\/index.php\/wp-json\/wp\/v2\/pages"}],"about":[{"href":"http:\/\/bcgbdc35.fr\/index.php\/wp-json\/wp\/v2\/types\/page"}],"author":[{"embeddable":true,"href":"http:\/\/bcgbdc35.fr\/index.php\/wp-json\/wp\/v2\/users\/6"}],"replies":[{"embeddable":true,"href":"http:\/\/bcgbdc35.fr\/index.php\/wp-json\/wp\/v2\/comments?post=1765"}],"version-history":[{"count":31,"href":"http:\/\/bcgbdc35.fr\/index.php\/wp-json\/wp\/v2\/pages\/1765\/revisions"}],"predecessor-version":[{"id":3205,"href":"http:\/\/bcgbdc35.fr\/index.php\/wp-json\/wp\/v2\/pages\/1765\/revisions\/3205"}],"wp:attachment":[{"href":"http:\/\/bcgbdc35.fr\/index.php\/wp-json\/wp\/v2\/media?parent=1765"}],"curies":[{"name":"wp","href":"https:\/\/api.w.org\/{rel}","templated":true}]}}